{"id":413,"date":"2025-07-21T12:50:36","date_gmt":"2025-07-21T12:50:36","guid":{"rendered":"https:\/\/observatoriopoliticouniversitario.com\/?page_id=413"},"modified":"2025-07-21T20:06:52","modified_gmt":"2025-07-21T20:06:52","slug":"pagina-universitaria-4","status":"publish","type":"page","link":"https:\/\/observatoriopoliticouniversitario.com\/index.php\/pagina-universitaria-4\/","title":{"rendered":"P\u00e1gina universitaria\u00a0"},"content":{"rendered":"\n<p>La filosof\u00eda cabalga, mientras ladran.&nbsp;<\/p>\n\n\n\n<p>Hoy 21 de julio de 2025, cumple el programa de Filosof\u00eda de la Universidad del Atl\u00e1ntico 28 a\u00f1os de haber iniciado labores acad\u00e9micas, siendo rector de la universidad Armando Zabar\u00edn Manco, vicerrector Acad\u00e9mico Crist\u00f3bal Arteta Ripoll y decano de la facultad de Ciencias Humanas Jos\u00e9 Gabriel Colley P\u00e9rez.<\/p>\n\n\n\n<p>Las diferencias de enfoques conceptuales sobre la pertinencia de ese programa no permit\u00edan avanzar en el proceso de su aprobaci\u00f3n y puesta en marcha, sobre todo, con el mismo argumento de siempre: el punto de equilibrio financiero que facilitara su autosostenimiento. A pesar de estas diferencias, una vez presentada la propuesta por el decano de la facultad de Ciencias Humanas, citamos a los integrantes del Consejo Acad\u00e9mico y sometimos a consideraci\u00f3n la creaci\u00f3n de varios programas, entre ellos el de Filosof\u00eda.&nbsp;&nbsp;Aprobado los programas, se inform\u00f3 de la decisi\u00f3n al Consejo Superior y pusimos en marcha el funcionamiento de los mismos.&nbsp;<\/p>\n\n\n\n<p>Algunos directivos de la UA se\u00f1alaron como inconveniente el hecho de que esos programas no hab\u00edan sido aprobados por el Consejo Superior. El contrargumento del Consejo Acad\u00e9mico fue claro: si la informaci\u00f3n fue acogida por el Consejo Superior era claro que la iniciativa pod\u00eda activarse como efectivamente sucedi\u00f3.<\/p>\n\n\n\n<p>El parto no fue f\u00e1cil, desde sus or\u00edgenes el programa de filosof\u00eda cont\u00f3 con muchas dificultades; la primera de ellas la concepci\u00f3n tecnocr\u00e1tica de la Universidad que manejaba el rector del momento, quien una vez aprobado el programa se resist\u00eda a firmar la resoluci\u00f3n para ponerlo en marcha.<\/p>\n\n\n\n<p>Deb\u00ed esperar el momento como vicerrector acad\u00e9mico que se me encargara de las funciones de rector en ausencia del titular con todas las funciones para proceder a firmar las resoluciones y dar vida al desarrollo del mismo. As\u00ed firm\u00e9 como Rector (e) la resoluci\u00f3n que daba vida al programa.<\/p>\n\n\n\n<p>Luego vino el otro inconveniente: abrimos inscripciones y para poder tener el n\u00famero m\u00ednimo de estudiantes requerido debimos emprender una campa\u00f1a en los colegios orientada por su fundador Jos\u00e9 Gabriel Coley P\u00e9rez la cual dio buenos resultados, como dice en su libro Proleg\u00f3menos a la Filosof\u00eda: \u201cEl primer semestre que se admiti\u00f3 fue muy numeroso (104 estudiantes) y hubo necesidad de dividirlo en A y B, lo que indicaba que la necesidad exist\u00eda, dado el ambiente que se hab\u00eda formado por parte del Instituto de Filosof\u00eda Julio Enrique Blanco que supo canalizar el auge creciente de esta disciplina en la ciudad a partir de los a\u00f1os 70 en adelante\u201d.<\/p>\n\n\n\n<p>El camino de la filosof\u00eda siempre ha sido, es y ser\u00e1 socr\u00e1tico: es el camino del no saber para saber. As\u00ed caminamos sin saber exactamente para d\u00f3nde \u00edbamos, solo con atisbos claros de su pertinencia y necesidad para la regi\u00f3n, la Naci\u00f3n y el mundo.<\/p>\n\n\n\n<p>Sab\u00edamos que la labor de Julio Enrique Blanco, el gran fundador de la Universidad del Atl\u00e1ntico y el fil\u00f3sofo m\u00e1s consagrado de la regi\u00f3n, estaba inconclusa porque le faltaba a la Universidad un programa de filosof\u00eda que le diera ox\u00edgeno, luz y proyecci\u00f3n a la universidad en su conjunto. Tuve la oportunidad de conocer en persona a ese gran fil\u00f3sofo y ser humano, pero nunca he entendido por qu\u00e9 no fue la creaci\u00f3n de un programa de filosof\u00eda, su gran preocupaci\u00f3n, a pesar de tener siempre a su lado, tal vez a su mejor disc\u00edpulo Julio Nu\u00f1ez Madachi. Tal vez por su eurocentrismo, el mismo que le impidi\u00f3 no plantearse una sola inquietud sobre la necesidad de una filosof\u00eda propia como ya lo hab\u00edan hecho en el continente Alberdi en Argentina, Zea en M\u00e9xico y Mir\u00f3 Quesada en Per\u00fa.&nbsp;<\/p>\n\n\n\n<p>Ese fue el gran m\u00e9rito de Jos\u00e9 Gabriel Coley Perez: entender a cabalidad que para oxigenar la vida acad\u00e9mica de la instituci\u00f3n era imprescindible contar con un programa de filosof\u00eda como en efecto se lo propuso, luch\u00f3 por su aprobaci\u00f3n y lo ejecut\u00f3. Tarea cumplida a cabalidad.&nbsp;<\/p>\n\n\n\n<p>Hoy, 28 a\u00f1os despu\u00e9s de su nacimiento nos sentimos orgulloso de la tarea cumplida, qu\u00e9 importa que mientras cabalgamos se escuchen ladridos por la vereda, por supuesto, con el perd\u00f3n de los perros a quienes entre mas trato m\u00e1s desagradables me parecen algunos humanos.&nbsp;<\/p>\n\n\n\n<p>Felicitaciones a sus docentes, estudiantes y directivos.<\/p>\n\n\n\n<p>Barranquilla, 21 de julio de 2025.<\/p>\n","protected":false},"excerpt":{"rendered":"<p>La filosof\u00eda cabalga, mientras ladran.&nbsp; Hoy 21 de julio de 2025, cumple el programa de Filosof\u00eda de la Universidad del Atl\u00e1ntico 28 a\u00f1os de haber iniciado labores acad\u00e9micas, siendo rector de la universidad Armando Zabar\u00edn Manco, vicerrector Acad\u00e9mico Crist\u00f3bal Arteta Ripoll y decano de la facultad de Ciencias Humanas Jos\u00e9 Gabriel Colley P\u00e9rez. Las diferencias [&hellip;]<\/p>\n","protected":false},"author":1,"featured_media":0,"parent":0,"menu_order":0,"comment_status":"closed","ping_status":"closed","template":"","meta":{"om_disable_all_campaigns":false,"_monsterinsights_skip_tracking":false,"_monsterinsights_sitenote_active":false,"_monsterinsights_sitenote_note":"","_monsterinsights_sitenote_category":0,"footnotes":""},"class_list":["post-413","page","type-page","status-publish","hentry"],"_links":{"self":[{"href":"https:\/\/observatoriopoliticouniversitario.com\/index.php\/wp-json\/wp\/v2\/pages\/413","targetHints":{"allow":["GET"]}}],"collection":[{"href":"https:\/\/observatoriopoliticouniversitario.com\/index.php\/wp-json\/wp\/v2\/pages"}],"about":[{"href":"https:\/\/observatoriopoliticouniversitario.com\/index.php\/wp-json\/wp\/v2\/types\/page"}],"author":[{"embeddable":true,"href":"https:\/\/observatoriopoliticouniversitario.com\/index.php\/wp-json\/wp\/v2\/users\/1"}],"replies":[{"embeddable":true,"href":"https:\/\/observatoriopoliticouniversitario.com\/index.php\/wp-json\/wp\/v2\/comments?post=413"}],"version-history":[{"count":5,"href":"https:\/\/observatoriopoliticouniversitario.com\/index.php\/wp-json\/wp\/v2\/pages\/413\/revisions"}],"predecessor-version":[{"id":419,"href":"https:\/\/observatoriopoliticouniversitario.com\/index.php\/wp-json\/wp\/v2\/pages\/413\/revisions\/419"}],"wp:attachment":[{"href":"https:\/\/observatoriopoliticouniversitario.com\/index.php\/wp-json\/wp\/v2\/media?parent=413"}],"curies":[{"name":"wp","href":"https:\/\/api.w.org\/{rel}","templated":true}]}}

Página universitaria

<p>La filosofía cabalga, mientras ladran.&nbsp;</p>



<p>Hoy 21 de julio de 2025, cumple el programa de Filosofía de la Universidad del Atlántico 28 años de haber iniciado labores académicas, siendo rector de la universidad Armando Zabarín Manco, vicerrector Académico Cristóbal Arteta Ripoll y decano de la facultad de Ciencias Humanas José Gabriel Colley Pérez.</p>



<p>Las diferencias de enfoques conceptuales sobre la pertinencia de ese programa no permitían avanzar en el proceso de su aprobación y puesta en marcha, sobre todo, con el mismo argumento de siempre: el punto de equilibrio financiero que facilitara su autosostenimiento. A pesar de estas diferencias, una vez presentada la propuesta por el decano de la facultad de Ciencias Humanas, citamos a los integrantes del Consejo Académico y sometimos a consideración la creación de varios programas, entre ellos el de Filosofía.&nbsp;&nbsp;Aprobado los programas, se informó de la decisión al Consejo Superior y pusimos en marcha el funcionamiento de los mismos.&nbsp;</p>



<p>Algunos directivos de la UA señalaron como inconveniente el hecho de que esos programas no habían sido aprobados por el Consejo Superior. El contrargumento del Consejo Académico fue claro: si la información fue acogida por el Consejo Superior era claro que la iniciativa podía activarse como efectivamente sucedió.</p>



<p>El parto no fue fácil, desde sus orígenes el programa de filosofía contó con muchas dificultades; la primera de ellas la concepción tecnocrática de la Universidad que manejaba el rector del momento, quien una vez aprobado el programa se resistía a firmar la resolución para ponerlo en marcha.</p>



<p>Debí esperar el momento como vicerrector académico que se me encargara de las funciones de rector en ausencia del titular con todas las funciones para proceder a firmar las resoluciones y dar vida al desarrollo del mismo. Así firmé como Rector (e) la resolución que daba vida al programa.</p>



<p>Luego vino el otro inconveniente: abrimos inscripciones y para poder tener el número mínimo de estudiantes requerido debimos emprender una campaña en los colegios orientada por su fundador José Gabriel Coley Pérez la cual dio buenos resultados, como dice en su libro Prolegómenos a la Filosofía: “El primer semestre que se admitió fue muy numeroso (104 estudiantes) y hubo necesidad de dividirlo en A y B, lo que indicaba que la necesidad existía, dado el ambiente que se había formado por parte del Instituto de Filosofía Julio Enrique Blanco que supo canalizar el auge creciente de esta disciplina en la ciudad a partir de los años 70 en adelante”.</p>



<p>El camino de la filosofía siempre ha sido, es y será socrático: es el camino del no saber para saber. Así caminamos sin saber exactamente para dónde íbamos, solo con atisbos claros de su pertinencia y necesidad para la región, la Nación y el mundo.</p>



<p>Sabíamos que la labor de Julio Enrique Blanco, el gran fundador de la Universidad del Atlántico y el filósofo más consagrado de la región, estaba inconclusa porque le faltaba a la Universidad un programa de filosofía que le diera oxígeno, luz y proyección a la universidad en su conjunto. Tuve la oportunidad de conocer en persona a ese gran filósofo y ser humano, pero nunca he entendido por qué no fue la creación de un programa de filosofía, su gran preocupación, a pesar de tener siempre a su lado, tal vez a su mejor discípulo Julio Nuñez Madachi. Tal vez por su eurocentrismo, el mismo que le impidió no plantearse una sola inquietud sobre la necesidad de una filosofía propia como ya lo habían hecho en el continente Alberdi en Argentina, Zea en México y Miró Quesada en Perú.&nbsp;</p>



<p>Ese fue el gran mérito de José Gabriel Coley Perez: entender a cabalidad que para oxigenar la vida académica de la institución era imprescindible contar con un programa de filosofía como en efecto se lo propuso, luchó por su aprobación y lo ejecutó. Tarea cumplida a cabalidad.&nbsp;</p>



<p>Hoy, 28 años después de su nacimiento nos sentimos orgulloso de la tarea cumplida, qué importa que mientras cabalgamos se escuchen ladridos por la vereda, por supuesto, con el perdón de los perros a quienes entre mas trato más desagradables me parecen algunos humanos.&nbsp;</p>



<p>Felicitaciones a sus docentes, estudiantes y directivos.</p>



<p>Barranquilla, 21 de julio de 2025.</p>

<p>La filosofía cabalga, mientras ladran.&nbsp; Hoy 21 de julio de 2025, cumple el programa de Filosofía de la Universidad del Atlántico 28 años de haber iniciado labores académicas, siendo rector de la universidad Armando Zabarín Manco, vicerrector Académico Cristóbal Arteta Ripoll y decano de la facultad de Ciencias Humanas José Gabriel Colley Pérez. Las diferencias [&hellip;]</p>
