{"id":455,"date":"2025-10-27T22:35:31","date_gmt":"2025-10-27T22:35:31","guid":{"rendered":"https:\/\/observatoriopoliticouniversitario.com\/?page_id=455"},"modified":"2025-10-28T00:31:29","modified_gmt":"2025-10-28T00:31:29","slug":"la-designacion-del-nuevo-rector","status":"publish","type":"page","link":"https:\/\/observatoriopoliticouniversitario.com\/index.php\/la-designacion-del-nuevo-rector\/","title":{"rendered":"La designaci\u00f3n del nuevo rector."},"content":{"rendered":"\n<p>Crist\u00f3bal Arteta Ripoll<\/p>\n\n\n\n<p>La autonom\u00eda universitaria es un principio fundamental que nos permite tomar decisiones informadas y libres en el \u00e1mbito acad\u00e9mico. La autonom\u00eda universitaria no es solo un derecho, sino un deber que asumimos como acad\u00e9micos. Nos permite dise\u00f1ar nuestros propios planes de estudio, investigar sin restricciones y elegir a nuestros l\u00edderes. La imposici\u00f3n de un rector desde el gobierno nacional socavar\u00eda nuestra capacidad para tomar decisiones que beneficien a nuestra instituci\u00f3n y a la sociedad en general.<\/p>\n\n\n\n<p>&nbsp;En este momento, enfrentamos un desaf\u00edo significativo ante las pretensiones del gobierno nacional de imponer un rector sin considerar la voluntad de nuestra comunidad.<\/p>\n\n\n\n<p>La designaci\u00f3n de un rector debe ser un proceso transparente y participativo, que involucre a estudiantes, profesores y personal administrativo. Solo as\u00ed podemos asegurarnos de que el l\u00edder elegido sea alguien que comprenda las necesidades y aspiraciones de nuestra comunidad universitaria.<\/p>\n\n\n\n<p>La pasada consulta para designar al Rector dej\u00f3 un sabor amargo, debido a que estuvo cruzada por desviaciones y vicios, cuyo \u00fanico prop\u00f3sito era qui\u00e9n obten\u00eda el primer lugar o pasaba entre los cinco primeros. El debate de ideas y proyectos acad\u00e9micos no fue la prioridad. Pero se realiz\u00f3 y as\u00ed la aceptamos. Yo apoy\u00e9 a Alvaro Gonz\u00e1lez Aguilar y vot\u00e9 por \u00e9l, quedando en un honroso segundo lugar.&nbsp;<\/p>\n\n\n\n<p>En ninguna norma est\u00e1 establecido que quien gane la consulta es el rector. En otras oportunidades, cuando yo perd\u00ed en dos de ellas como candidato, llegamos a acuerdos previos con el gobernador del momento para que se respetara la consulta y lo logramos. Fueron consultas m\u00e1s transparentes pero tambi\u00e9n cruzadas de vicios. El debate de ideas y proyectos fue la constante de ambas. La consulta se hizo para cumplir con la norma: seleccionar cinco para que el CSU designara al rector.&nbsp;<\/p>\n\n\n\n<p>Cumplido el objetivo, el organismo de poder universitario design\u00f3 como rector no al primero ni al segundo, sino al tercero en la lista: Leyton Barrios Torres. Ha podido designar a cualquiera no necesariamente al se\u00f1or Danilo Hern\u00e1ndez Rodriguez. Todo se hizo de conformidad con la ley. Otra cosa distinta es si hubo irregularidades en la inscripci\u00f3n de candidatos, ese es un asunto, cuya soluci\u00f3n est\u00e1 en manos de los organismos competentes y que debieron tener en cuenta los consejeros.<\/p>\n\n\n\n<p>La autonom\u00eda universitaria es un valor que debemos defender con convicci\u00f3n. No permitamos que se imponga una decisi\u00f3n que no refleje la voluntad de nuestra comunidad. Juntos podemos asegurar que la Universidad del Atl\u00e1ntico siga siendo un faro de conocimiento y libertad en nuestra regi\u00f3n.<\/p>\n\n\n\n<p>Si queremos que la Autonom\u00eda Universitaria sea un pilar importante en la participaci\u00f3n comunitaria y se respete la decisi\u00f3n de la mayor\u00eda en las urnas hay que impulsar una nueva ley que cambie las reglas de juego establecidas por la Ley 30 de 1992. El gobierno de Petro est\u00e1 en mora de hacerlo. Tal vez no le alcance.&nbsp;<\/p>\n\n\n\n<p>En este momento, es crucial que nos unamos para defender nuestra precaria autonom\u00eda y garantizar que nuestra universidad siga siendo un espacio de libertad y pensamiento cr\u00edtico. Debemos trabajar juntos para proteger nuestros derechos y asegurar que nuestras decisiones sean respetadas.<\/p>\n\n\n\n<p>Esperamos que el nuevo rector cumpla el programa de gobierno y lo complemente con las buenas ideas de otros proyectos. La tarea no es f\u00e1cil pero puede facilitarse con vocaci\u00f3n, sensibilidad universitaria y un buen equipo de gobierno.&nbsp;<\/p>\n\n\n\n<p>Barranquilla. 27 de octubre d 2025.<\/p>\n\n\n","protected":false},"excerpt":{"rendered":"<p>Crist\u00f3bal Arteta Ripoll La autonom\u00eda universitaria es un principio fundamental que nos permite tomar decisiones informadas y libres en el \u00e1mbito acad\u00e9mico. La autonom\u00eda universitaria no es solo un derecho, sino un deber que asumimos como acad\u00e9micos. Nos permite dise\u00f1ar nuestros propios planes de estudio, investigar sin restricciones y elegir a nuestros l\u00edderes. La imposici\u00f3n [&hellip;]<\/p>\n","protected":false},"author":1,"featured_media":0,"parent":0,"menu_order":0,"comment_status":"open","ping_status":"closed","template":"","meta":{"om_disable_all_campaigns":false,"_monsterinsights_skip_tracking":false,"_monsterinsights_sitenote_active":false,"_monsterinsights_sitenote_note":"","_monsterinsights_sitenote_category":0,"footnotes":""},"class_list":["post-455","page","type-page","status-publish","hentry"],"_links":{"self":[{"href":"https:\/\/observatoriopoliticouniversitario.com\/index.php\/wp-json\/wp\/v2\/pages\/455","targetHints":{"allow":["GET"]}}],"collection":[{"href":"https:\/\/observatoriopoliticouniversitario.com\/index.php\/wp-json\/wp\/v2\/pages"}],"about":[{"href":"https:\/\/observatoriopoliticouniversitario.com\/index.php\/wp-json\/wp\/v2\/types\/page"}],"author":[{"embeddable":true,"href":"https:\/\/observatoriopoliticouniversitario.com\/index.php\/wp-json\/wp\/v2\/users\/1"}],"replies":[{"embeddable":true,"href":"https:\/\/observatoriopoliticouniversitario.com\/index.php\/wp-json\/wp\/v2\/comments?post=455"}],"version-history":[{"count":6,"href":"https:\/\/observatoriopoliticouniversitario.com\/index.php\/wp-json\/wp\/v2\/pages\/455\/revisions"}],"predecessor-version":[{"id":461,"href":"https:\/\/observatoriopoliticouniversitario.com\/index.php\/wp-json\/wp\/v2\/pages\/455\/revisions\/461"}],"wp:attachment":[{"href":"https:\/\/observatoriopoliticouniversitario.com\/index.php\/wp-json\/wp\/v2\/media?parent=455"}],"curies":[{"name":"wp","href":"https:\/\/api.w.org\/{rel}","templated":true}]}}

La designación del nuevo rector.

<p>Cristóbal Arteta Ripoll</p>



<p>La autonomía universitaria es un principio fundamental que nos permite tomar decisiones informadas y libres en el ámbito académico. La autonomía universitaria no es solo un derecho, sino un deber que asumimos como académicos. Nos permite diseñar nuestros propios planes de estudio, investigar sin restricciones y elegir a nuestros líderes. La imposición de un rector desde el gobierno nacional socavaría nuestra capacidad para tomar decisiones que beneficien a nuestra institución y a la sociedad en general.</p>



<p>&nbsp;En este momento, enfrentamos un desafío significativo ante las pretensiones del gobierno nacional de imponer un rector sin considerar la voluntad de nuestra comunidad.</p>



<p>La designación de un rector debe ser un proceso transparente y participativo, que involucre a estudiantes, profesores y personal administrativo. Solo así podemos asegurarnos de que el líder elegido sea alguien que comprenda las necesidades y aspiraciones de nuestra comunidad universitaria.</p>



<p>La pasada consulta para designar al Rector dejó un sabor amargo, debido a que estuvo cruzada por desviaciones y vicios, cuyo único propósito era quién obtenía el primer lugar o pasaba entre los cinco primeros. El debate de ideas y proyectos académicos no fue la prioridad. Pero se realizó y así la aceptamos. Yo apoyé a Alvaro González Aguilar y voté por él, quedando en un honroso segundo lugar.&nbsp;</p>



<p>En ninguna norma está establecido que quien gane la consulta es el rector. En otras oportunidades, cuando yo perdí en dos de ellas como candidato, llegamos a acuerdos previos con el gobernador del momento para que se respetara la consulta y lo logramos. Fueron consultas más transparentes pero también cruzadas de vicios. El debate de ideas y proyectos fue la constante de ambas. La consulta se hizo para cumplir con la norma: seleccionar cinco para que el CSU designara al rector.&nbsp;</p>



<p>Cumplido el objetivo, el organismo de poder universitario designó como rector no al primero ni al segundo, sino al tercero en la lista: Leyton Barrios Torres. Ha podido designar a cualquiera no necesariamente al señor Danilo Hernández Rodriguez. Todo se hizo de conformidad con la ley. Otra cosa distinta es si hubo irregularidades en la inscripción de candidatos, ese es un asunto, cuya solución está en manos de los organismos competentes y que debieron tener en cuenta los consejeros.</p>



<p>La autonomía universitaria es un valor que debemos defender con convicción. No permitamos que se imponga una decisión que no refleje la voluntad de nuestra comunidad. Juntos podemos asegurar que la Universidad del Atlántico siga siendo un faro de conocimiento y libertad en nuestra región.</p>



<p>Si queremos que la Autonomía Universitaria sea un pilar importante en la participación comunitaria y se respete la decisión de la mayoría en las urnas hay que impulsar una nueva ley que cambie las reglas de juego establecidas por la Ley 30 de 1992. El gobierno de Petro está en mora de hacerlo. Tal vez no le alcance.&nbsp;</p>



<p>En este momento, es crucial que nos unamos para defender nuestra precaria autonomía y garantizar que nuestra universidad siga siendo un espacio de libertad y pensamiento crítico. Debemos trabajar juntos para proteger nuestros derechos y asegurar que nuestras decisiones sean respetadas.</p>



<p>Esperamos que el nuevo rector cumpla el programa de gobierno y lo complemente con las buenas ideas de otros proyectos. La tarea no es fácil pero puede facilitarse con vocación, sensibilidad universitaria y un buen equipo de gobierno.&nbsp;</p>



<p>Barranquilla. 27 de octubre d 2025.</p>

<p>Cristóbal Arteta Ripoll La autonomía universitaria es un principio fundamental que nos permite tomar decisiones informadas y libres en el ámbito académico. La autonomía universitaria no es solo un derecho, sino un deber que asumimos como académicos. Nos permite diseñar nuestros propios planes de estudio, investigar sin restricciones y elegir a nuestros líderes. La imposición [&hellip;]</p>
